he tens digit of 36077?
7
What is the tens digit of 112?
1
What is the ten thousands digit of 135539?
3
What is the hundreds digit of 5804?
8
What is the tens digit of 3327?
2
What is the units digit of 1236?
6
What is the units digit of 39893?
3
What is the hundreds digit of 267?
2
What is the thousands digit of 1743?
1
What is the tens digit of 23191?
9
What is the tens digit of 64489?
8
What is the thousands digit of 2238?
2
What is the hundreds digit of 46277?
2
What is the thousands digit of 2594?
2
What is the tens digit of 8449?
4
What is the hundreds digit of 453?
4
What is the thousands digit of 33238?
3
What is the tens digit of 4942?
4
What is the thousands digit of 9983?
9
What is the units digit of 24435?
5
What is the units digit of 1093?
3
What is the hundreds digit of 18799?
7
What is the tens digit of 7863?
6
What is the tens digit of 15353?
5
What is the units digit of 2583?
3
What is the thousands digit of 7627?
7
What is the hundreds digit of 213?
2
What is the tens digit of 6309?
0
What is the ten thousands digit of 30798?
3
What is the thousands digit of 56670?
6
What is the hundreds digit of 1506?
5
What is the thousands digit of 25546?
5
What is the hundreds digit of 168?
1
What is the hundreds digit of 701?
7
What is the hundreds digit of 2301?
3
What is the thousands digit of 158279?
8
What is the hundreds digit of 1150?
1
What is the thousands digit of 61925?
1
What is the hundreds digit of 1046?
0
What is the ten thousands digit of 11041?
1
What is the tens digit of 2111?
1
What is the hundreds digit of 25974?
9
What is the units digit of 8425?
5
What is the tens digit of 4238?
3
What is the hundreds digit of 9263?
2
What is the hundreds digit of 695?
6
What is the units digit of 3898?
8
What is the units digit of 2450?
0
What is the tens digit of 882?
8
What is the tens digit of 412?
1
What is the hundreds digit of 13087?
0
What is the units digit of 14362?
2
What is the ten thousands digit of 31963?
3
What is the hundreds digit of 163?
1
What is the tens digit of 471?
7
What is the units digit of 8083?
3
What is the units digit of 5608?
8
What is the thousands digit of 1006?
1
What is the thousands digit of 57957?
7
What is the units digit of 26113?
3
What is the units digit of 5365?
5
What is the units digit of 9939?
9
What is the tens digit of 298?
9
What is the thousands digit of 1996?
1
What is the tens digit of 9658?
5
What is the thousands digit of 89920?
9
What is the hundreds digit of 59342?
3
What is the tens digit of 29061?
6
What is the tens digit of 6007?
0
What is the hundreds digit of 3847?
8
What is the tens digit of 1175?
7
What is the hundreds digit of 1743?
7
What is the units digit of 9?
9
What is the thousands digit of 4866?
4
What is the units digit of 2158?
8
What is the hundreds digit of 602?
6
What is the units digit of 1146?
6
What is the ten thousands digit of 24244?
2
What is the tens digit of 35406?
0
What is the thousands digit of 1234?
1
What is the units digit of 60344?
4
What is the units digit of 1551?
1
What is the ten thousands digit of 26130?
2
What is the units digit of 1108?
8
What is the hundreds digit of 865?
8
What is the hundreds digit of 4793?
7
What is the hundreds digit of 3666?
6
What is the units digit of 456?
6
What is the tens digit of 3848?
4
What is the hundreds digit of 31744?
7
What is the hundred thousands digit of 123709?
1
What is the hundreds digit of 114538?
5
What is the units digit of 2072?
2
What is the units digit of 4327?
7
What is the ten thousands digit of 63607?
6
What is the thousands digit of 84251?
4
What is the units digit of 260?
0
What is the units digit of 287?
7
What is the units digit of 1393?
3
What is the tens digit of 1003?
0
What is the hundreds digit of 1268?
2
What is the hundreds digit of 50622?
6
What is the ten thousands digit of 28850?
2
What is the units digit of 2767?
7
What is the units digit of 7437?
7
What is the hundreds digit of 6192?
1
What is the hundreds digit of 3488?
4
What is the tens digit of 164?
6
What is the hundreds digit of 283?
2
What is the tens digit of 589?
8
What is the units digit of 114?
4
What is the tens digit of 1410?
1
What is the tens digit of 16522?
2
What is the tens digit of 54454?
5
What is the thousands digit of 1804?
1
What is the units digit of 3758?
8
What is the tens digit of 299?
9
What is the units digit of 153102?
2
What is the units digit of 8427?
7
What is the units digit of 1112?
2
What is the units digit of 1072?
2
What is the units digit of 5214?
4
What is the hundreds digit of 3156?
1
What is the units digit of 7302?
2
What is the units digit of 769?
9
What is the tens digit of 1282?
8
What is the tens digit of 724?
2
What is the hundreds digit of 1258?
2
What is the hundred thousands digit of 140881?
1
What is the tens digit of 3456?
5
What is the units digit of 6798?
8
What is the ten thousands digit of 40113?
4
What is the hundreds digit of 84686?
6
What is the hundreds digit of 949?
9
What is the units digit of 1800?
0
What is the hundreds digit of 6074?
0
What is the tens digit of 9976?
7
What is the hundreds digit of 12600?
6
What is the thousands digit of 2847?
2
What is the tens digit of 60366?
6
What is the hundreds digit of 55893?
8
What is the units digit of 171457?
7
What is the tens digit of 7249?
4
What is the tens digit of 5654?
5
What is the hundreds digit of 1819?
8
What is the hundreds digit of 64850?
8
What is the units digit of 549?
9
What is the thousands digit of 2058?
2
What is the hundreds digit of 5449?
4
What is the units digit of 4304?
4
What is the ten thousands digit of 60034?
6
What is the ten thousands digit of 11023?
1
What is the hundreds digit of 532?
5
What is the ten thousands digit of 63702?
6
What is the thousands digit of 39747?
9
What is the tens digit of 26242?
4
What is the hundreds digit of 36112?
1
What is the units digit of 4911?
1
What is the units digit of 1043?
3
What is the tens digit of 19974?
7
What is the units digit of 3324?
4
What is the thousands digit of 1144?
1
What is the units digit of 8004?
4
What is the tens digit of 259?
5
What is the thousands digit of 13389?
3
What is the hundreds digit of 7607?
6
What is the hundreds digit of 11344?
3
What is the tens digit of 94?
9
What is the tens digit of 58?
5
What is the tens digit of 45533?
3
What is the thousands digit of 9742?
9
What is the units digit of 11104?
4
What is the hundreds digit of 1519?
5
What is the ten thousands digit of 28282?
2
What is the units digit of 7525?
5
What is the tens digit of 15465?
6
What is the hundreds digit of 17495?
4
What is the thousands digit of 13052?
3
What is the tens digit of 8082?
8
What is the tens digit of 2123?
2
What is the thousands digit of 10125?
0
What is the tens digit of 1152?
5
What is the units digit of 685?
5
What is the units digit of 5693?
3
What is the hundreds digit of 1505?
5
What is the tens digit of 2375?
7
What is the thousands digit of 32649?
2
What is the hundreds digit of 5782?
7
What is the tens digit of 12242?
4
What is the thousands digit of 21658?
1
What is the tens digit of 54?
5
What is the tens digit of 50243?
4
What is the thousands digit of 6104?
6
What is the thousands digit of 1184?
1
What is the tens digit of 1497?
9
What is the units digit of 45615?
5
What is the hundreds digit of 2154?
1
What is the hundreds digit of 7875?
8
What is the hundreds digit of 4415?
4
What is the tens digit of 68671?
7
What is the thousands digit of 1065?
1
What is the units digit of 24770?
0
What is the tens digit of 5171?
7
What is the hundreds digit of 10036?
0
What is the tens digit of 367?
6
What is the thousands digit of 1039?
1
What is the units digit of 982?
2
What is the hundreds digit of 17736?
7
What is the tens digit of 158?
5
What is the units digit of 37?
7
What is the hundreds digit of 13465?
4
What is the hundreds digit of 267?
2
What is the tens digit of 17978?
7
What is the hundreds digit of 11554?
5
What is the hundreds digit of 104383?
3
What is the tens digit of 40567?
6
What is the hundreds digit of 513?
5
What is the units digit of 1635?
5
What is the units digit of 3032?
2
What is the units digit of 91?
1
What is the units digit of 5748?
8
What is the units digit of 19429?
9
What is the thousa